ctors of 44338?
2, 7, 3167
What are the prime factors of 464?
2, 29
List the prime factors of 3637.
3637
List the prime factors of 14497.
7, 19, 109
What are the prime factors of 3571?
3571
List the prime factors of 1913.
1913
List the prime factors of 3082.
2, 23, 67
What are the prime factors of 3672?
2, 3, 17
What are the prime factors of 1472?
2, 23
List the prime factors of 17536.
2, 137
List the prime factors of 18394.
2, 17, 541
List the prime factors of 73208.
2, 9151
What are the prime factors of 2575?
5, 103
What are the prime factors of 2848?
2, 89
What are the prime factors of 155957?
83, 1879
What are the prime factors of 325?
5, 13
What are the prime factors of 2682?
2, 3, 149
What are the prime factors of 742?
2, 7, 53
List the prime factors of 1358.
2, 7, 97
What are the prime factors of 3075?
3, 5, 41
What are the prime factors of 2417?
2417
What are the prime factors of 3164?
2, 7, 113
List the prime factors of 9551.
9551
What are the prime factors of 5893?
71, 83
What are the prime factors of 2454?
2, 3, 409
List the prime factors of 22618.
2, 43, 263
What are the prime factors of 2938?
2, 13, 113
What are the prime factors of 2891?
7, 59
What are the prime factors of 1420?
2, 5, 71
List the prime factors of 7120.
2, 5, 89
What are the prime factors of 51487?
51487
List the prime factors of 5212.
2, 1303
What are the prime factors of 1891?
31, 61
List the prime factors of 4473.
3, 7, 71
List the prime factors of 2176.
2, 17
What are the prime factors of 47680?
2, 5, 149
What are the prime factors of 5946?
2, 3, 991
List the prime factors of 142.
2, 71
List the prime factors of 499.
499
List the prime factors of 10080.
2, 3, 5, 7
What are the prime factors of 24295?
5, 43, 113
What are the prime factors of 7979?
79, 101
List the prime factors of 46374.
2, 3, 59, 131
What are the prime factors of 19176?
2, 3, 17, 47
What are the prime factors of 7158?
2, 3, 1193
What are the prime factors of 2533?
17, 149
List the prime factors of 9655.
5, 1931
List the prime factors of 797.
797
List the prime factors of 1535.
5, 307
What are the prime factors of 57535?
5, 37, 311
List the prime factors of 907.
907
List the prime factors of 34.
2, 17
List the prime factors of 1266.
2, 3, 211
List the prime factors of 8004.
2, 3, 23, 29
List the prime factors of 30865.
5, 6173
List the prime factors of 3025.
5, 11
What are the prime factors of 3646?
2, 1823
List the prime factors of 12278.
2, 7, 877
What are the prime factors of 10250?
2, 5, 41
List the prime factors of 74140.
2, 5, 11, 337
List the prime factors of 2623.
43, 61
List the prime factors of 887.
887
What are the prime factors of 89?
89
What are the prime factors of 131502?
2, 3, 7, 31, 101
List the prime factors of 1642.
2, 821
List the prime factors of 2870.
2, 5, 7, 41
List the prime factors of 2821.
7, 13, 31
What are the prime factors of 995?
5, 199
List the prime factors of 155046.
2, 3, 25841
What are the prime factors of 37573?
37573
List the prime factors of 9533.
9533
What are the prime factors of 626?
2, 313
What are the prime factors of 3039?
3, 1013
List the prime factors of 68073.
3, 22691
List the prime factors of 5891.
43, 137
List the prime factors of 7165.
5, 1433
List the prime factors of 2544.
2, 3, 53
List the prime factors of 3490.
2, 5, 349
List the prime factors of 36854.
2, 18427
What are the prime factors of 5307?
3, 29, 61
What are the prime factors of 12591?
3, 1399
List the prime factors of 54093.
3, 13, 19, 73
List the prime factors of 11517.
3, 11, 349
List the prime factors of 62210.
2, 5, 6221
List the prime factors of 485.
5, 97
List the prime factors of 903.
3, 7, 43
What are the prime factors of 1354?
2, 677
What are the prime factors of 626?
2, 313
List the prime factors of 106196.
2, 139, 191
What are the prime factors of 372?
2, 3, 31
List the prime factors of 179404.
2, 44851
List the prime factors of 343.
7
List the prime factors of 10032.
2, 3, 11, 19
List the prime factors of 524.
2, 131
List the prime factors of 7490.
2, 5, 7, 107
List the prime factors of 49059.
3, 23, 79
List the prime factors of 42831.
3, 4759
List the prime factors of 6870.
2, 3, 5, 229
List the prime factors of 20.
2, 5
List the prime factors of 1103.
1103
List the prime factors of 26123.
151, 173
List the prime factors of 51698.
2, 25849
What are the prime factors of 14467?
17, 23, 37
What are the prime factors of 1678?
2, 839
List the prime factors of 22423.
17, 1319
What are the prime factors of 3050?
2, 5, 61
What are the prime factors of 9486?
2, 3, 17, 31
What are the prime factors of 6889?
83
List the prime factors of 810.
2, 3, 5
List the prime factors of 633.
3, 211
What are the prime factors of 58668?
2, 3, 4889
What are the prime factors of 594?
2, 3, 11
List the prime factors of 147785.
5, 11, 2687
List the prime factors of 36069.
3, 11, 1093
List the prime factors of 15849.
3, 587
List the prime factors of 1294.
2, 647
What are the prime factors of 2816?
2, 11
List the prime factors of 3567.
3, 29, 41
List the prime factors of 128929.
31, 4159
What are the prime factors of 69130?
2, 5, 31, 223
List the prime factors of 363.
3, 11
What are the prime factors of 2957?
2957
What are the prime factors of 26079?
3, 8693
List the prime factors of 1479.
3, 17, 29
What are the prime factors of 8693?
8693
List the prime factors of 2379.
3, 13, 61
What are the prime factors of 525?
3, 5, 7
List the prime factors of 139.
139
What are the prime factors of 3896?
2, 487
What are the prime factors of 604?
2, 151
List the prime factors of 298.
2, 149
What are the prime factors of 99021?
3, 13, 2539
What are the prime factors of 66553?
66553
List the prime factors of 446.
2, 223
List the prime factors of 4468.
2, 1117
List the prime factors of 27931.
17, 31, 53
What are the prime factors of 1587?
3, 23
List the prime factors of 461.
461
What are the prime factors of 224?
2, 7
What are the prime factors of 65237?
89, 733
What are the prime factors of 1098?
2, 3, 61
What are the prime factors of 72771?
3, 127, 191
List the prime factors of 22719.
3, 7573
List the prime factors of 13621.
53, 257
List the prime factors of 77685.
3, 5, 5179
List the prime factors of 1894.
2, 947
What are the prime factors of 36629?
36629
What are the prime factors of 1993?
1993
What are the prime factors of 859?
859
What are the prime factors of 53798?
2, 37, 727
What are the prime factors of 83?
83
What are the prime factors of 1444?
2, 19
List the prime factors of 2396.
2, 599
List the prime factors of 2108.
2, 17, 31
List the prime factors of 154.
2, 7, 11
List the prime factors of 29176.
2, 7, 521
What are the prime factors of 1914?
2, 3, 11, 29
List the prime factors of 53181.
3, 19, 311
What are the prime factors of 49731?
3, 11, 137
List the prime factors of 1208.
2, 151
List the prime factors of 8415.
3, 5, 11, 17
What are the prime factors of 136452?
2, 3, 83, 137
What are the prime factors of 74166?
2, 3, 47, 263
What are the prime factors of 4753?
7, 97
List the prime factors of 6857.
6857
List the prime factors of 4977.
3, 7, 79
List the prime factors of 625.
5
What are the prime factors of 24575?
5, 983
What are the prime factors of 6653?
6653
What are the prime factors of 35001?
3, 3889
What are the prime factors of 25690?
2, 5, 7, 367
What are the prime factors of 4903?
4903
List the prime factors of 1344.
2, 3, 7
What are the prime factors of 2120?
2, 5, 53
What are the prime factors of 65398?
2, 19, 1721
List the prime factors of 1012.
2, 11, 23
List the prime factors of 124.
2, 31
List the prime factors of 1326.
2, 3, 13, 17
List the prime factors of 71979.
3, 23993
List the prime factors of 261.
3, 29
List the prime factors of 1572.
2, 3, 131
List the prime factors of 528.
2, 3, 11
List the prime factors of 1119.
3, 373
What are the prime factors of 39718?
2, 7, 2837
What are the prime factors of 360?
2, 3, 5
What are the prime factors of 1829?
31, 59
List the prime factors of 2663.
2663
List the prime factors of 40742.
2, 13, 1567
List the prime factors of 233.
233
List the prime factors of 5407.
5407
List the prime factors of 130.
2, 5, 13
List the prime factors of 20814.
2, 3, 3469
What are the prime factors of 2230?
2, 5, 223
List the prime factors of 678.
2, 3, 113